x - 19*d + 24*d, -x = -2*d - 1322. Let u = x + -921. Is u prime?
False
Let x = 330 - 318. Suppose -6*s - x*s = -13518. Is s a prime number?
True
Let s = -108 - -113. Suppose 2*n + 60 = -s*f, -f - n - 12 = n. Is (0 - 2031/12)/(3/f) composite?
False
Suppose 4*b - 976866 = -2*v, -4*b + 5*b = 5*v + 244222. Is b a prime number?
True
Suppose -6745 - 3399 = -8*r. Suppose -2*y - 3*y = 3*i - 3792, -3*y = i - r. Is i composite?
False
Suppose 195*b - 189*b - 43866 = 0. Is b prime?
False
Suppose 4*x + 35168 = -12*x. Let d = -522 + x. Let h = d + 4711. Is h prime?
False
Let t(x) = 210*x**2 + 28*x - 127. Is t(12) composite?
False
Let b be 6/(-4)*8/(-4). Let m be -762*((-4)/8 - (-3)/9). Suppose -m + 670 = b*r. Is r prime?
True
Suppose 22*v + 343259 = -2*v + 4513763. Is v composite?
True
Is 6690/(-120)*(-1499 + 7) a prime number?
False
Suppose -2*z + 5*o = -13 - 6, -3*o = 2*z + 5. Suppose 102 = -z*a - 194. Is (-1)/(150/a + 1) a prime number?
False
Is -12242*(-2 + ((-120)/(-16))/5) composite?
False
Let f(q) = -q**3 + 7*q**2 + 8*q - 4. Let y be f(8). Let m(s) = 3*s**2 - 40 - 45 + 3*s + 80. Is m(y) prime?
True
Let r(k) = -23*k**3 + 48*k**2 - 68. Is r(-11) a prime number?
True
Suppose -3*d - 28611 = -12*d. Let s = d - -878. Suppose -2*q = 139 - s. Is q a prime number?
False
Suppose -3*c = 4*m - 1365, 3*m = -m + c + 1353. Let o = 238 - 458. Let l = m + o. Is l a prime number?
False
Let i(r) = -32 - 20 + 89 - 32*r - 16*r - 26. Suppose -h = 5, -3*l - 74 + 1 = -h. Is i(l) a composite number?
False
Suppose -21*w + 769792 = -530045. Suppose -12*t + t + w = 0. Is t composite?
True
Let z be (-1)/(-6) + 153/54. Suppose z*w - 863 - 598 = 0. Is w a composite number?
False
Let t = -62355 - -227336. Is t a composite number?
True
Suppose 0 = -137*h + 135*h + 3044. Let o = 2628 - h. Suppose -p - 3*g + o + 1280 = 0, -p + 3*g = -2392. Is p prime?
True
Let p be (-6)/(-21) - 162/(-21). Suppose 10*t - 3992 = p*t. Suppose 3*k + k = t. Is k composite?
False
Let k = -234 + 239. Let b(w) = 306*w + 5. Is b(k) composite?
True
Suppose -75*a + 80*a = 810. Suppose -13 - 3 = -4*v, z + 151 = 5*v. Let g = a - z. Is g prime?
True
Suppose -5*f = z - 0*z - 22, 0 = 2*z + 3*f - 23. Let c be -1 + z/((-21)/(-30)). Suppose 4*a + 65 = c*a. Is a a prime number?
True
Let a(q) = 18177*q**2 + 16*q - 2. Is a(-3) a composite number?
False
Let f(c) = 422*c**3 + 2*c**2 - 62*c + 361. Is f(8) composite?
True
Let t = -502 + -6618. Suppose 0 = -2*b + 10 - 0, 20283 = -4*i + 3*b. Let u = i - t. Is u prime?
True
Let x = 837910 + -334029. Is x a prime number?
False
Let s be (2/(-12) - 1/(-6)) + -2772. Let o = s - -4789. Is o prime?
True
Suppose 138 - 132 = 6*h. Suppose 0 = u + h, 4*f + 5*u - 2*u = 17561. Is f a prime number?
True
Suppose 0 = 5*b + 2*o - 15, o + 2*o = -15. Let l(n) = 4*n - 3. Let a be l(b). Suppose a = -5*k + 672. Is k a composite number?
False
Let t be -2 + (-6 - (5 + -25))/(3/(-1878)). Suppose 2*n - 82 = -2*c, 6*n + 65 = c + n. Is 2/10 - (t/c + -4) composite?
False
Let g(x) = -5*x**2 + 130*x + 432. Let a be g(27). Suppose -18 = -n + 64. Let v = n + a. Is v prime?
True
Let x(l) = -7 - 274*l + 277*l + 233*l**2 + 78*l**2. Is x(4) prime?
False
Suppose -6*g + 48668 = -91726. Is g composite?
False
Suppose 3*i + 4*v = -1845 - 3257, 3*v = -5*i - 8507. Let n = 3599 + i. Suppose -2*b = -n - 189. Is b a prime number?
False
Let c be (-4)/(-18) - (-460)/36. Let g(v) = -c - 35*v + 2 - 84*v + 19*v. Is g(-7) a composite number?
True
Let a = 110345 - 28026. Is a composite?
True
Let p = 108 + -88. Suppose 27*g = p*g + 28. Suppose g*h - 2411 = -5*o, -5*o + 10*o + 3*h = 2407. Is o a composite number?
False
Is -51166*55/(-44)*2 composite?
True
Let u = 710878 - 417813. Is u composite?
True
Suppose -14*k = -10*k + 12. Let u be (1 - -4)/((-1)/(5 + k)). Let n(w) = -15*w + 13. Is n(u) composite?
False
Suppose -x - 4*n - 20 = -61, 5*x - n = 184. Let l(h) = 1 - x*h - 16*h - 2 - 84*h. Is l(-4) a composite number?
False
Let n be (-18)/5*85240/8. Let m = -18305 - n. Is m a composite number?
True
Suppose 4*a - 5*m - 10 = 15, 4*a - 17 = -3*m. Suppose w = -5*l + 25446, -a*l + 3*w - w = -25443. Is l prime?
False
Let y be (2*(-73)/2)/((-16)/9680). Suppose -k + 11932 = d, -3*k - 8379 + y = d. Suppose 5*h - k - 3618 = 0. Is h a composite number?
False
Let d = -199193 + 136330. Let v = d - -92270. Is v prime?
False
Let u be ((-12)/(-20) - (-17)/5)*1327. Is -8 + (-2 + u - 4) a composite number?
True
Let f(x) = -707*x + 53. Let l = 335 - 345. Is f(l) composite?
True
Let r = -136 - -147. Is -14051*(-7)/(-4 + r) composite?
False
Suppose -4*g = -10*g + 282. Let t = g - 112. Let u = 178 + t. Is u composite?
False
Suppose -6*i + 8 = -4. Suppose -3*w - i*w = -65. Suppose 10*f - w*f + 1623 = 0. Is f a composite number?
False
Suppose 0 = i + h + 256, -5*i + 9*i + 1004 = h. Let u(l) = 177*l**3 + 3*l**2 + 2*l - 1. Let b be u(-2). Let s = i - b. Is s a composite number?
True
Suppose 0 = 2*j + 4*f - 37026, -11*j = -7*j - 3*f - 73997. Is j composite?
False
Let x(z) = -3*z - 2 - 35*z - 137*z. Let o = -985 - -982. Is x(o) prime?
True
Let q be (1 - 1)/(-3)*1*-1. Suppose o + q = 3. Suppose 1737 = 4*g + 2*d - 2293, -5036 = -5*g - o*d. Is g a composite number?
False
Suppose 76544 + 573324 = i + 3*n, 0 = -5*i + 5*n + 3249440. Is i a prime number?
False
Let x(c) = 3*c + c**3 - 13 - 5*c**3 + 28 - 10*c**2 + 3*c**3. Let n be x(-10). Is 0 + 423 - n/(-15) a prime number?
False
Let q(k) = 2*k**2 - 27*k + 8. Let h be q(18). Let l = 1343 + h. Is l a prime number?
False
Suppose -2 = 2*f, f = -5*a + 37185 + 58609. Let n = a + 21910. Is n composite?
True
Let q(h) = -3*h + 45. Let o be q(10). Let i = o - -892. Is i prime?
True
Let p(o) = -331*o + 76. Let k be p(-6). Suppose 5*l = 5523 + k. Is l a composite number?
True
Let f be (-2 - -4 - -2)/(7/56). Let q = -37 + f. Is 4*-1213*((-55)/10 - q) composite?
True
Let q = -135879 - -688906. Is q a prime number?
False
Suppose -24*h + 25500 = h. Suppose 1014*u = h*u - 47874. Is u a composite number?
True
Suppose 2272 = 2*u - 982. Let c(g) = -5*g - 397. Let k be c(23). Let p = u + k. Is p a prime number?
False
Is ((-4)/(-18))/(200/677322900) composite?
False
Let o = -97 - -45. Let z = o + 164. Let b = 753 - z. Is b a composite number?
False
Let k = 519512 - 206431. Is k composite?
False
Is (-711)/(-237)*(-1297126)/(-6) a composite number?
False
Suppose 3*a = 287683 + 143720. Is a composite?
True
Let l = -672480 - -1379533. Is l a composite number?
False
Let p(z) = 21241*z**2 + 20*z - 62. Is p(3) a prime number?
False
Suppose -4*p - 205516 = -4*d, 5*d - p - 280660 = -23765. Is d a composite number?
True
Let p(w) = -w**3 + 24*w**2 - 16*w - 21. Let q be p(20). Suppose -21*z + 6236 = q. Is z a composite number?
True
Suppose 364 = -4*h - 9*h. Let b = h + 23. Let v(o) = -10*o**3 - 7*o**2 - 8*o - 6. Is v(b) composite?
False
Suppose -55980608 + 67060072 + 67002961 = 225*f. Is f a composite number?
False
Suppose -3*r - 10 = -79. Let q(y) = -419 + 465 + r*y + 29*y. Is q(6) composite?
True
Suppose 4*o = -12*o - 4*o + 3970420. Is o composite?
True
Let y(v) = -v**2 - 19*v - 54. Suppose 0 = 9*c - 12*c - 48. Let m be y(c). Is 13521/11 - m/(-33) a composite number?
False
Let r(n) = -360*n - 27. Let b be r(-14). Let o = b + -1642. Is o a composite number?
False
Suppose 0 = -483*f + 104388794 + 325031533. Is f a prime number?
True
Let r(d) = -888*d - 1009. Is r(-32) a prime number?
True
Suppose -76*g + 1741572 + 989703 = 888199. Is g composite?
False
Let w(r) = 3*r**2 + 20*r + 17. Let j be ((-3)/(-12)*4)/((-2)/26). Let t be w(j). Let s = t + 217. Is s a composite number?
True
Let c = 21554 + 169500. Is c prime?
False
Let s(y) = 13*y**2 + 6*y + 12. Let h be s(-5). Let t = h + -42. Let a = -52 + t. Is a a composite number?
True
Let o(v) = 5518*v**3 - v**2 + 64*v - 245. Is o(4) composite?
False
Suppose 2*q - j = -45, 3*j = q + 10 - 0. Let o be (-83410)/q + (-4)/10. Suppose -4*u = 3*w - 5009, -2*w - 7*u + o = -5*u. Is w prime?
True
Let y(j) = -8*j**3 + 3*j**2 + 2*j + 3. Let f be y(4). Suppose -19*i + 2316 = -37*i + 15*i. Let r = f - i. Is r composite?
True
Suppose 0 = -12*d + 16*d - 40. Suppose d*n - 15100 = -5230. Suppose n = -0*o + 3*o. Is o a composite number?
True
Suppose -4*x + p + 20 = -2*p, 5*x - 25 = 5*p. Suppose 4*k = -5 + x. Suppose k*v - 